7
Calculate the highest common factor of 656 and 615.
41
What is the highest common factor of 2160 and 36?
36
What is the highest common divisor of 1827 and 63?
63
Calculate the greatest common factor of 32034 and 342.
114
Calculate the greatest common divisor of 20 and 530.
10
Calculate the highest common divisor of 104 and 936.
104
What is the highest common factor of 312 and 132?
12
What is the greatest common divisor of 7503 and 549?
183
Calculate the greatest common divisor of 19782 and 126.
126
What is the greatest common divisor of 3601 and 65?
13
What is the greatest common factor of 2862 and 162?
54
What is the highest common factor of 187 and 44?
11
What is the greatest common divisor of 4991 and 1771?
161
Calculate the greatest common factor of 7280 and 56.
56
Calculate the highest common factor of 90 and 10.
10
What is the highest common divisor of 20 and 2375?
5
What is the highest common divisor of 39 and 99?
3
What is the greatest common factor of 228 and 96?
12
Calculate the greatest common divisor of 4687 and 215.
43
What is the greatest common divisor of 3486 and 166?
166
What is the highest common factor of 544 and 64?
32
Calculate the greatest common factor of 156 and 144.
12
What is the highest common factor of 1192 and 112?
8
Calculate the highest common factor of 228 and 84.
12
What is the greatest common factor of 48 and 18?
6
What is the highest common factor of 59 and 472?
59
Calculate the greatest common factor of 11 and 550.
11
What is the highest common divisor of 146 and 4?
2
Calculate the greatest common factor of 370 and 1406.
74
Calculate the greatest common factor of 722 and 152.
38
What is the greatest common divisor of 13 and 1?
1
What is the highest common divisor of 46 and 4163?
23
What is the greatest common factor of 90 and 5130?
90
Calculate the greatest common factor of 30 and 11910.
30
What is the highest common factor of 45594 and 68?
34
Calculate the highest common factor of 16 and 36.
4
What is the highest common divisor of 74 and 37888?
74
Calculate the highest common divisor of 66 and 11352.
66
What is the highest common divisor of 611 and 1?
1
Calculate the highest common divisor of 5 and 335.
5
What is the highest common factor of 5 and 1265?
5
Calculate the highest common divisor of 12 and 16.
4
What is the highest common factor of 63 and 336?
21
Calculate the highest common divisor of 15 and 69.
3
What is the greatest common factor of 5 and 2045?
5
Calculate the highest common divisor of 3 and 27.
3
Calculate the highest common factor of 493 and 29.
29
Calculate the greatest common divisor of 2043 and 9.
9
Calculate the highest common factor of 80 and 2070.
10
What is the greatest common factor of 718 and 2?
2
What is the greatest common divisor of 1 and 431?
1
Calculate the highest common divisor of 9375 and 90.
15
What is the greatest common divisor of 2494 and 58?
58
What is the highest common divisor of 21 and 1316?
7
What is the highest common divisor of 11 and 319?
11
What is the greatest common divisor of 16496 and 16?
16
What is the highest common divisor of 84 and 3192?
84
What is the highest common divisor of 296 and 962?
74
Calculate the greatest common factor of 192 and 72.
24
Calculate the greatest common factor of 360 and 3.
3
What is the highest common factor of 1337 and 14?
7
What is the greatest common factor of 516 and 1376?
172
Calculate the highest common factor of 155 and 185.
5
What is the greatest common factor of 3893 and 34?
17
What is the greatest common divisor of 18 and 414?
18
Calculate the greatest common divisor of 29 and 3654.
29
Calculate the greatest common divisor of 2955 and 10.
5
Calculate the highest common factor of 9 and 16047.
9
What is the greatest common factor of 1104 and 16?
16
What is the greatest common divisor of 16 and 3816?
8
Calculate the highest common factor of 221 and 871.
13
Calculate the highest common factor of 2058 and 1407.
21
Calculate the highest common factor of 28616 and 73.
73
Calculate the highest common divisor of 448 and 192.
64
What is the greatest common divisor of 188 and 235?
47
What is the greatest common divisor of 55 and 5335?
55
Calculate the greatest common divisor of 147 and 777.
21
What is the greatest common factor of 19380 and 19?
19
What is the highest common divisor of 18507 and 93?
93
Calculate the highest common factor of 30 and 18.
6
Calculate the highest common factor of 10 and 590.
10
What is the highest common divisor of 935 and 110?
55
What is the greatest common factor of 196 and 4?
4
What is the highest common factor of 6 and 2?
2
Calculate the greatest common divisor of 800 and 100.
100
Calculate the highest common divisor of 15130 and 510.
170
Calculate the greatest common divisor of 66 and 429.
33
What is the highest common divisor of 3976 and 355?
71
Calculate the greatest common divisor of 75 and 120.
15
Calculate the greatest common divisor of 50 and 550.
50
Calculate the highest common divisor of 367 and 1.
1
What is the highest common factor of 245 and 35?
35
Calculate the highest common factor of 564 and 48.
12
What is the greatest common divisor of 1 and 59?
1
Calculate the greatest common divisor of 51 and 204.
51
What is the highest common factor of 117 and 3809?
13
What is the highest common divisor of 13 and 182?
13
What is the greatest common divisor of 268 and 5762?
134
Calculate the greatest common factor of 39 and 4017.
39
What is the highest common factor of 5808 and 33?
33
What is the highest common divisor of 91 and 169?
13
Calculate the greatest common divisor of 1120 and 384.
32
What is the greatest common factor of 3710 and 70?
70
What is the highest common divisor of 1110 and 30?
30
What is the highest common factor of 284 and 216?
4
What is the greatest common divisor of 106730 and 130?
130
Calculate the greatest common factor of 74 and 37.
37
What is the greatest common divisor of 128 and 48?
16
Calculate the greatest common factor of 73 and 2263.
73
What is the greatest common factor of 12878 and 376?
94
Calculate the highest common factor of 76 and 76.
76
What is the greatest common divisor of 17 and 5287?
17
Calculate the greatest common divisor of 42 and 21.
21
Calculate the greatest common factor of 528 and 1518.
66
Calculate the greatest common divisor of 94 and 94.
94
What is the greatest common factor of 41001 and 173?
173
What is the highest common factor of 86 and 18?
2
What is the highest common divisor of 135 and 75?
15
Calculate the greatest common factor of 284 and 2059.
71
Calculate the highest common divisor of 8 and 108.
4
What is the greatest common factor of 92 and 414?
46
What is the highest common divisor of 1536 and 24?
24
What is the greatest common factor of 60 and 165?
15
What is the greatest common factor of 192 and 3968?
64
What is the highest common divisor of 17 and 4709?
17
What is the highest common divisor of 17 and 221?
17
What is the greatest common divisor of 55 and 55?
55
Calculate the highest common divisor of 36 and 17964.
36
Calculate the greatest common factor of 845 and 5.
5
What is the highest common factor of 287 and 7?
7
Calculate the highest common factor of 392 and 40.
8
What is the greatest common divisor of 8 and 940?
4
What is the greatest common divisor of 140 and 770?
70
Calculate the highest common divisor of 12 and 292.
4
Calculate the greatest common divisor of 8437 and 1287.
143
Calculate the greatest common divisor of 3341 and 1285.
257
What is the greatest common divisor of 84 and 8204?
28
What is the highest common factor of 1482 and 57?
57
Calculate the greatest common factor of 544 and 224.
32
What is the greatest common factor of 1725 and 30?
15
What is the highest common divisor of 1064 and 56?
56
Calculate the greatest common divisor of 99 and 45.
9
Calculate the highest common factor of 496 and 62.
62
What is the greatest common divisor of 104 and 26?
26
Calculate the highest common divisor of 30618 and 54.
54
What is the greatest common factor of 702 and 78?
78
What is the greatest common divisor of 10278 and 252?
18
Calculate the highest common factor of 634 and 7291.
317
Calculate the greatest common divisor of 51 and 17.
17
What is the highest common divisor of 693 and 210?
21
What is the highest common f